

{"id":287,"date":"2023-07-10T18:23:44","date_gmt":"2023-07-10T18:23:44","guid":{"rendered":"https:\/\/stagingserver3.com\/lorraine\/?post_type=product&#038;p=287"},"modified":"2023-07-11T20:34:31","modified_gmt":"2023-07-11T20:34:31","slug":"des-painted-ladies-au-quartier-hippie","status":"publish","type":"product","link":"https:\/\/stagingserver3.com\/lorraine\/product\/des-painted-ladies-au-quartier-hippie\/","title":{"rendered":"DES PAINTED LADIES AU QUARTIER HIPPIE\u202f"},"content":{"rendered":"<p>Lorsqu\u2019on \u00e9voque San Francisco, on pense imm\u00e9diatement \u00e0 son c\u00e9l\u00e8bre pont rouge suspendu (le Golden Gate Bridge) et \u00e0 son non moins c\u00e9l\u00e8bre tramway (le Cable Car) qui sillonne les rues pentues de la ville\u2026 mais San Francisco est aussi connue pour ses superbes maisons victoriennes color\u00e9es (les Painted Ladies) et son pass\u00e9 marqu\u00e9 par la mouvance hippie\u202f!<\/p>\n<p>Nous vous proposons justement d\u2019aller \u00e0 la rencontre de ces autres symboles de la ville, le temps d\u2019une visite anim\u00e9e par l\u2019un(e) de nos guides fran\u00e7ais(es), tout en d\u00e9couvrant des quartiers tr\u00e8s diff\u00e9rents.<\/p>\n<p>La visite d\u00e9butera dans le quartier chic et hipster de Hayes Valley, o\u00f9 si\u00e8gent aujourd\u2019hui de nombreuses start-up mondialement connues, comme Uber ou Twitter, et se poursuivra dans le quartier d\u2019Alamo Square, \u00e0 la rencontre de ces fameuses Painted Ladies, qui font partie des plus belles et des plus anciennes maisons peintes de la ville. Vous profiterez \u00e9galement d\u2019une vue exceptionnelle sur la baie de San Francisco, avant de traverser le Panhandle et de d\u00e9couvrir Buena Vista Park, pour ensuite rejoindre le quartier de Haight Ashbury, qui fut dans les ann\u00e9es 1960 le centre n\u00e9vralgique de la contre-culture hippie et la sc\u00e8ne du d\u00e9sormais culte Summer of Love.<br \/>\nEnfin, vous pourrez appr\u00e9cier le calme de Golden Gate Park (le Central Park local) et le panorama offert par un observatoire qui domine une partie de la ville.<\/p>\n","protected":false},"excerpt":{"rendered":"<p><strong>D\u00c9COUVREZ TROIS AUTHENTIQUES QUARTIERS DE SAN FRANCISCO\u202f(HAYES VALLEY, ALAMO SQUARE, HAIGHT HASHBURY) ET GOLDEN GATE PARK.<\/strong><\/p>\n","protected":false},"featured_media":288,"comment_status":"open","ping_status":"closed","template":"","meta":[],"product_cat":[21],"product_tag":[],"class_list":{"0":"post-287","1":"product","2":"type-product","3":"status-publish","4":"has-post-thumbnail","6":"product_cat-other-activities","7":"tm-has-options"},"acf":[],"_links":{"self":[{"href":"https:\/\/stagingserver3.com\/lorraine\/wp-json\/wp\/v2\/product\/287","targetHints":{"allow":["GET"]}}],"collection":[{"href":"https:\/\/stagingserver3.com\/lorraine\/wp-json\/wp\/v2\/product"}],"about":[{"href":"https:\/\/stagingserver3.com\/lorraine\/wp-json\/wp\/v2\/types\/product"}],"replies":[{"embeddable":true,"href":"https:\/\/stagingserver3.com\/lorraine\/wp-json\/wp\/v2\/comments?post=287"}],"wp:featuredmedia":[{"embeddable":true,"href":"https:\/\/stagingserver3.com\/lorraine\/wp-json\/wp\/v2\/media\/288"}],"wp:attachment":[{"href":"https:\/\/stagingserver3.com\/lorraine\/wp-json\/wp\/v2\/media?parent=287"}],"wp:term":[{"taxonomy":"product_cat","embeddable":true,"href":"https:\/\/stagingserver3.com\/lorraine\/wp-json\/wp\/v2\/product_cat?post=287"},{"taxonomy":"product_tag","embeddable":true,"href":"https:\/\/stagingserver3.com\/lorraine\/wp-json\/wp\/v2\/product_tag?post=287"}],"curies":[{"name":"wp","href":"https:\/\/api.w.org\/{rel}","templated":true}]}}